z) = -2*z**2 - 2532*z + 30593. Give k(12).
-79
Let c(b) = 441*b**2 - 2505*b + 33. What is c(6)?
879
Let a(x) = -867*x + 204549. Determine a(236).
-63
Let s(u) = -u + 256. What is s(262)?
-6
Let h(w) = 7206*w + 36004. Calculate h(-5).
-26
Let m(v) = -674*v - 40432. Determine m(-59).
-666
Let j(q) = -q**3 + 5948*q**2 + 29765*q - 8. Calculate j(-5).
-8
Let l(f) = 14*f**3 + 157*f**2 + 84*f - 794. What is l(-10)?
66
Let q(h) = -3970*h + 1004425. What is q(253)?
15
Let y(q) = q**2 - 862*q + 77152. Determine y(103).
-1025
Let o(k) = 85323*k - 767900. Determine o(9).
7
Let k(j) = 23*j**2 + 924*j - 1946. What is k(2)?
-6
Let s(m) = m**2 - 455*m - 42207. Calculate s(534).
-21
Let z(x) = 4500*x + 2321938. Give z(-516).
-62
Let b(j) = j**3 - 78*j**2 + 588*j - 5473. Determine b(71).
988
Let p(n) = -132*n**2 + 216*n + 210. Give p(-1).
-138
Let d(v) = -88*v**2 - 573*v + 1142. What is d(2)?
-356
Let o(u) = -25910*u**2 - 259098*u + 33. Determine o(-10).
13
Let i(f) = -135*f - 12240. Determine i(-91).
45
Let j(i) = 63*i - 3804. Determine j(72).
732
Let v(m) = -12*m**3 - 143*m**2 - 435*m - 85. Calculate v(-4).
135
Let t(k) = 25801*k + 128999. Calculate t(-5).
-6
Let p(d) = -37*d**2 + 4481*d - 470. Calculate p(121).
14
Let p(j) = 4*j**3 - 6*j**2 + 292*j - 850. What is p(3)?
80
Let t(f) = f**2 - 161*f + 2743. What is t(141)?
-77
Let t(h) = -2*h**2 + 1822*h - 128420. Give t(77).
16
Let a(g) = -521*g - 48428. Calculate a(-93).
25
Let w(y) = -2*y**3 - 63*y**2 - 471*y - 120. Determine w(-12).
-84
Let z(p) = 10*p**2 + 44*p - 228. Give z(12).
1740
Let f(s) = -477*s + 10208. Determine f(21).
191
Let h(d) = -64*d**2 - 1252*d + 121. Calculate h(-20).
-439
Let r(y) = -8*y**2 - 3557*y + 3557. Calculate r(1).
-8
Let g(f) = -74273*f + 817001. Calculate g(11).
-2
Let y(h) = -25103*h + 50184. Give y(2).
-22
Let h(y) = 13*y**3 + 2821*y**2 - 18*y - 3908. Determine h(-217).
-2
Let d(j) = -j**2 - 221*j + 18285. Calculate d(64).
45
Let b(w) = w**3 + 376*w**2 + 4109*w + 1032. What is b(-11)?
-2
Let i(b) = -b**3 - 24*b**2 - 160*b - 683. Calculate i(-17).
14
Let a(t) = -t**3 - 70*t**2 - 592*t - 1263. Give a(-6).
-15
Let g(b) = -2809*b + 382031. Determine g(136).
7
Let i(p) = 483*p - 120247. Calculate i(249).
20
Let x(m) = -1458*m + 8682. What is x(5)?
1392
Let z(a) = a**2 - 3447*a + 65003. Determine z(19).
-129
Let p(y) = -21*y**2 + 505*y - 153. Determine p(21).
1191
Let b(p) = -p**2 - 179*p - 276. Calculate b(-176).
252
Let d(i) = 242*i - 74279. What is d(309)?
499
Let i(m) = m**3 + m**2 + 13*m - 102. Calculate i(3).
-27
Let i(u) = -u**2 - 471*u - 16551. What is i(-433)?
-97
Let q(j) = -56*j**2 + 102*j - 390. Give q(0).
-390
Let l(y) = 51128*y + 357904. What is l(-7)?
8
Let r(x) = 14125*x + 10862131. Determine r(-769).
6
Let f(r) = -18*r**3 - 379*r**2 - 1257*r - 273. What is f(-17)?
-1
Let c(v) = -12*v**2 + 466*v + 15103. Give c(-21).
25
Let p(n) = 904307*n + 23. Determine p(0).
23
Let d(v) = 105*v - 1611. Determine d(11).
-456
Let p(d) = -154*d - 35595. Calculate p(-232).
133
Let y(a) = -478*a - 288691. Calculate y(-604).
21
Let w(g) = 4*g**2 - 1069*g + 30917. Calculate w(33).
-4
Let d(f) = 2*f**2 - 7008*f + 132397. Give d(19).
-33
Let v(x) = 6*x**3 - 48*x**2 + 11*x - 140. What is v(8)?
-52
Let d(q) = 107*q**2 + 3004*q - 27. What is d(-28)?
-251
Let t(u) = 146368*u - 731838. Determine t(5).
2
Let y(d) = -d**3 + 263*d**2 - 727*d - 13740. Give y(260).
40
Let f(g) = -3*g**2 + 385*g + 2626. Determine f(-7).
-216
Let o(d) = d**3 + 190*d**2 + 4665*d - 700. Calculate o(-161).
-56
Let y(n) = 99*n**2 + 88*n + 120. Give y(-3).
747
Let o(l) = 2*l**3 - 452*l - 25. Determine o(18).
3503
Let v(t) = 2*t**3 - 325*t**2 + 789*t + 1754. Determine v(160).
-6
Let j(v) = 634*v + 1427. Calculate j(-2).
159
Let z(v) = 157*v**2 - 1151*v + 2098. Give z(4).
6
Let g(w) = -6165*w - 598001. Give g(-97).
4
Let v(n) = 56*n**2 + 97*n + 8. What is v(5)?
1893
Let k(o) = -o**3 - 26*o**2 - 155*o - 2067. Determine k(-23).
-89
Let y(v) = -81*v**3 + 1447*v**2 + 42*v + 27. Give y(18).
-2781
Let k(j) = 8*j**3 - 83*j**2 + 61*j - 460. Determine k(10).
-150
Let r(i) = 5565*i + 39770. Give r(-7).
815
Let k(x) = 13*x**3 + 521*x**2 + 48*x + 353. Calculate k(-40).
33
Let t(d) = -13265*d - 93394. Calculate t(-7).
-539
Let z(h) = -11079*h + 144124. Determine z(13).
97
Let u(j) = -2*j**2 - 427*j + 7475. Determine u(17).
-362
Let l(x) = x**3 - 267*x**2 + 1781*x + 10131. Give l(260).
-9
Let m(n) = 120*n + 34876. Give m(-290).
76
Let b(q) = -81*q**3 + 10618*q**2 - 916*q - 136. Calculate b(131).
-5
Let i(w) = -687*w - 7156. What is i(-9)?
-973
Let n(r) = -109*r + 213. Determine n(3).
-114
Let m(f) = 7*f**3 + 381*f**2 + 116*f + 1516. Determine m(-54).
4000
Let r(n) = -760*n**2 - 17489*n - 190. Calculate r(-23).
17
Let d(r) = -10278*r + 811969. Determine d(79).
7
Let m(v) = -114*v**2 + 15492*v - 32. Give m(136).
-1664
Let b(o) = 36*o + 1531. What is b(-39)?
127
Let f(z) = -24*z**3 + 4*z**2 + 292*z - 294. Calculate f(1).
-22
Let d(v) = v**3 + 199*v**2 - 2016*v - 510387. Give d(-196).
-3
Let c(y) = 1627*y - 5299. Determine c(3).
-418
Let v(s) = 219*s - 1041. Calculate v(6).
273
Let z(k) = -k**2 + 150*k - 3787. What is z(124)?
-563
Let z(b) = 4310*b - 30508. Calculate z(7).
-338
Let u(g) = 2096*g - 52370. Calculate u(25).
30
Let z(t) = 1025*t + 4122. Give z(-4).
22
Let v(k) = -2*k**2 + 6527*k + 237564. What is v(-36)?
0
Let d(v) = 1382*v - 5104. Calculate d(5).
1806
Let a(x) = -8*x**2 - 677*x - 10567. Determine a(-21).
122
Let u(r) = 4*r**2 - 7421*r + 183019. Determine u(25).
-6
Let j(x) = 23398*x + 140258. What is j(-6)?
-130
Let o(f) = 9401*f - 291202. What is o(31)?
229
Let t(b) = b**2 - 41*b - 7418. What is t(109)?
-6
Let p(d) = -1373*d - 572. What is p(0)?
-572
Let f(z) = 4552*z - 4528. Calculate f(1).
24
Let f(n) = n**2 - 63*n - 26360. Determine f(-134).
38
Let z(w) = -769*w - 3840. Determine z(-5).
5
Let a(f) = 628*f**2 - 129*f + 6. Give a(2).
2260
Let x(z) = 65*z**2 - 47135*z + 7252. Calculate x(725).
2
Let x(y) = 2*y**2 + 7325*y + 181937. Determine x(-25).
62
Let r(q) = 562135*q - 4497046. Calculate r(8).
34
Let a(w) = 247*w - 55671. Calculate a(221).
-1084
Let n(z) = -z**3 + 353*z**2 + 775*z - 148994. Determine n(354).
40
Let w(i) = -166*i**2 - 910*i - 402. Calculate w(-5).
-2
Let t(k) = -58*k**2 - 258*k - 168. What is t(-3)?
84
Let g(f) = 13476*f - 13530. Give g(1).
-54
Let x(y) = -51*y**2 + 392*y + 14. What is x(-8)?
-6386
Let w(p) = -3614*p - 224111. Give w(-62).
-43
Let u(x) = -x**3 + 892*x**2 + 2775*x + 317. Calculate u(-3).
47
Let v(w) = 9964*w + 19846. What is v(-2)?
-82
Let q(b) = 7*b**2 - 104*b - 263. What is q(0)?
-263
Let b(u) = 33895*u + 271265. What is b(-8)?
105
Let a(b) = 4*b**3 - 192*b**2 - 1296*b + 57. Calculate a(54).
57
Let z(h) = 6*h**2 - 8128*h - 16260. Determine z(-2).
20
Let s(u) = -102*u**2 - 906*u + 11. Give s(-9).
-97
Let i(l) = -17202*l - 5934670. Calculate i(-345).
20
Let d(a) = 10*a**2 + a - 298. Determine d(13).
1405
Let k(l) = 180*l - 8046. What is k(42)?
-486
Let w(g) = g**3 - 60*g**2 - 248*g - 557. Give w(64).
-45
Let b(t) = t**3 - 43*t**2 + 114*t - 3064. Give b(42).
-40
Let l(b) = b**3 + 18*b**2 - 44*b - 486. Determine l(-19).
-11
Let w(l) = -l**2 + 312*l - 23062. Determine w(192).
-22
Let v(n) = 3382*n - 43534. Determine v(13).
432
Let t(f) = -f**3 + 114*f**2 + 239*f - 1289. Calculate t(116).
-477
Let d(n) = 160*n - 32766. Determine d(205).
34
Let w(f) = 5*f**2 + 20171*f - 222567. Determine w(11).
-81
Let k(z) = -3*z**2 + 45*z - 122. What is k(0)?
-122
Let d(p) = 2*p**3 + 91*p**2 + 935*p + 160. Determine d(-30).
10
Let c(l) = -1347*l + 5563. Give c(4).
175
Let s(x) = 37*x**2 + 964*x - 1091. Give s(-27).
-146
Let x(j) = -2*j**2 - 74*j + 1844. What is x(17)?
8
Let c(o) = 934*o**2 + 1030*o + 92. Determine c(-1).
-4
Let p(c) = 1700*c - 61151. What is p(36)?
49
Let p(x) = 3266*x + 241681. Determine p(-74).
-3
Let c(r) = -9*r**2 + 684*r + 6893. What is c(-10)?
-847
Let x(t) = -t**3 + 77*t**2 + 10*t - 269. Determine x(0).
-269
Let k(c) = -3*c**3 - 895*c**2 - 2902*c + 14196. Give k(-295).
36
Let q(z) = -6*z**2 + 236*z + 572. Give q(41).
162
Let v(w) = 128*w - 23437. Determine v(190).
883
Let o(f) = -451*f**2 + 7667*f + 6. What is o(17)?
6
Let c(q) = -6*q**2 + 75*q + 2433. Calculate c(27).
84
Let s(z) = 